 divided by (18/(-4))/(2/d).
7
Let d = -41 + 47. What is the remainder when d is divided by 4?
2
Suppose 0 = 2*x + 3*x - 15. Let b = -19 + 27. Calculate the remainder when b is divided by x.
2
Suppose 3*t = 5*r + 94, 75 = 4*t + 5*r - 27. Suppose 0 = -2*k - a - 12, k - 3*k + 2*a - 24 = 0. Let i = 2 - k. Calculate the remainder when t is divided by i.
8
Suppose -2*t + 220 = 3*t. Suppose 2*n - t = -4*w, n + 33 = 3*w + 2*n. What is the remainder when 20 is divided by w?
9
Let j(x) = x**2 - 2*x. Let r be j(2). Suppose 5*z - 141 - 149 = r. Calculate the remainder when z is divided by 20.
18
Let r = 81 + 97. What is the remainder when r is divided by 60?
58
Let q = -97 - -148. Calculate the remainder when q is divided by (7 + -5)/((-1)/(-9)).
15
Suppose 23 + 22 = 3*g. Suppose -94 + 10 = -2*q. What is the remainder when q is divided by g?
12
Let q = -80 - -138. Suppose -2*t + 58 - 4 = 3*x, 0 = 2*x - 2*t - 46. What is the remainder when q is divided by x?
18
Let v be 4*(-2)/(-12)*3. Suppose -4 = -3*d + v. Suppose j - 24 = -d*b, 6 = 4*j - 2. Calculate the remainder when b is divided by 6.
5
Suppose -3*k = -169 - 209. What is the remainder when (k/35)/(1/15) is divided by 19?
16
Suppose 585 = 5*z + 6*s - 8*s, 3*s + 351 = 3*z. Let g = -57 + -7. Let f = z + g. What is the remainder when f is divided by 14?
11
Calculate the remainder when 15 is divided by ((-2)/3)/((-4)/(-6))*-3.
0
Suppose 5*p + 6 = -w, 3*w - 2*p - 2*p - 39 = 0. What is the remainder when 22 is divided by w?
4
Suppose 7*l - 5*l = 3*m + 25, m - 32 = -3*l. Let g(p) = -p**3 - 12*p**2 - 2*p - 4. What is the remainder when g(-12) is divided by l?
9
Let v(z) = z**2 - 4*z + 9. What is the remainder when v(9) is divided by 14?
12
Let b be 2/(-1) + -2 + 4. Suppose -y + 3*x = -7, -5*x + 63 = 4*y - y. Suppose b = -i - i + y. Calculate the remainder when 14 is divided by i.
6
Suppose x + 3*t = -2, -4*x - 3*t + 28 = -0*t. Suppose 5*y = 15, u - y - 2 - x = 0. Calculate the remainder when u is divided by 9.
6
Suppose -2*w - 8 = -4*w. Suppose w = r - 3. Let s(b) = b**3 - 5*b**2 - 5*b - 1. Calculate the remainder when r is divided by s(6).
2
Suppose -4*j + 2*l = 10, 4*l = 3*j + 13 - 3. Calculate the remainder when 6 is divided by ((-1)/(3/24))/j.
2
Suppose -9*l + 56 = -16. Calculate the remainder when 22 is divided by l.
6
Let q = -7 - -4. Let o be q/2*8/(-3). Suppose -u - 39 = -o*u. What is the remainder when 25 is divided by u?
12
Let g(r) = r**2 - 4*r - 8. Suppose 0*q + 3*q - 18 = 0. What is the remainder when 4 - (0/(-1) + -2) is divided by g(q)?
2
Suppose -5*u = 0, -3*k - u = -2*u + 18. Calculate the remainder when 1/((-3)/k) - 1 is divided by (1 - 0)*12/12.
0
Calculate the remainder when (-3860)/(-25) + 9/15 is divided by 39.
38
Let n(m) = m**3 + 5*m**2 + 3*m + 2. Let r be n(-4). Suppose 4*f = 3*q - 53, 2*f = r*f - 4. What is the remainder when q is divided by 11?
8
Suppose t - 3*r = 14, 0 = 5*t - 3*r - 42 + 8. Suppose 2*v = 3*h + 14, 0 = 2*h - 4*h + 8. What is the remainder when v is divided by t?
3
Suppose 12 = d + d. What is the remainder when 40 is divided by 42*((-4)/d - -1)?
12
Suppose 0*n = 3*n - 285. What is the remainder when n is divided by 24?
23
What is the remainder when 7/(4/20 - 0) is divided by 12?
11
Let k be 20/6 - 2/6. Let f(n) = -3*n + 16. Let o be f(0). Suppose 0 = x + k*x - o. Calculate the remainder when 13 is divided by x.
1
What is the remainder when 1*43 + -6*3/6 is divided by 15?
10
Suppose -b + 4*r - 14 = 0, -b + 5*r - 23 = 3*b. Calculate the remainder when 71 is divided by 1 + 18 + b/2.
17
Suppose -1 + 6 = 5*f. Let z = f - -15. Calculate the remainder when z is divided by 9.
7
Suppose -2*f - 2*r + 0*r = -12, -2*f = -5*r + 2. Let u = 7 - f. Suppose -u*o = 2*o - 55. What is the remainder when o is divided by 4?
3
Calculate the remainder when (-298)/(-8) + (-3)/12 is divided by 10.
7
Let g(y) = y**2 - 4*y - 7. Let q(c) = -c**3 + 5*c**2 + 3*c - 6. What is the remainder when q(5) is divided by g(6)?
4
Suppose 0 = 4*q + p - 39, -2*q + p = 3*p - 24. What is the remainder when 31 is divided by q?
4
Let u(x) = -3*x + 10. What is the remainder when u(-7) is divided by 16?
15
Let h be (-1 + 0)*(-5 + 2). Suppose -r = 3*r + 2*s - 82, h*r = 2*s + 51. Calculate the remainder when 75 is divided by r.
18
Let z = 80 - -44. Calculate the remainder when z is divided by 21.
19
Suppose -2*f = 2*r - 4*r - 10, 3*f = 2*r + 19. What is the remainder when 19 is divided by f?
1
Let o be -107 + -3 + (3 - 3). Let v be 2/4*10 - -1. What is the remainder when v/10 - o/25 is divided by 2?
1
Let z(c) = 2*c + 12. What is the remainder when 102 is divided by z(7)?
24
Suppose 11 = 3*j - 31. Let n(m) = -m**3 + 6*m**2 + 10*m - 3. Let d be n(7). What is the remainder when d + 7 - (-4)/2 is divided by j?
13
Let b be (-3 - -18)*14/6. Let l be 2*3/((-18)/75). Let u = l + b. Calculate the remainder when u is divided by 6.
4
Let h = -40 - -45. What is the remainder when 7 is divided by h?
2
Let v be 0 - 6/(-3) - -8. Let s(m) = -m**3 - 8*m**2 - 9*m - 7. Let d be s(-6). What is the remainder when (v/d)/((-1)/95) is divided by 13?
12
Let w(i) be the third derivative of 17*i**4/24 + i**3/6 + 3*i**2. Calculate the remainder when w(2) is divided by 9.
8
Let u = 5 + 11. What is the remainder when 62 is divided by u?
14
Suppose -24 + 92 = 2*h. Let o = 52 - 34. Calculate the remainder when h is divided by o.
16
Suppose -4*u + 5*q = 1, -3*u + q + 2 = -0*u. Let i be -3*5/(-3) + -2. Let m = -1 + i. What is the remainder when m is divided by u?
0
Let i be -2 + 4 + (-6)/3. Suppose -w - w + 22 = i. Let z(s) = 4*s**3 + s**2 - 1. Calculate the remainder when w is divided by z(1).
3
Calculate the remainder when ((-5)/(-20))/(2/328) is divided by 14.
13
Suppose 0 = -u - 10 + 27. Let g = u - 6. Calculate the remainder when 32 is divided by g.
10
Let h(n) = -24*n - 2. What is the remainder when h(-2) is divided by (-4)/(-10) + (-390)/(-25)?
14
Suppose 2*m - 1 = 51. Let g(q) = -q**2 + 6*q + 2. What is the remainder when m is divided by g(5)?
5
Suppose -7*a + 15 = -4*a. Suppose 25 = -a*k - 5*i, -6*i + i = -3*k + 25. Suppose -x + 0*x + 26 = k. Calculate the remainder when x is divided by 9.
8
Suppose 5*f - 5 = -2*d + 5, -48 = -5*d - f. Suppose -2*x - 3*j + 3 = -0, 5*x - j = -18. Calculate the remainder when -1 - (x - -2) - -29 is divided by d.
9
Let q be (2 + -6)*1*-1. Suppose q*v = -5*c - 23, 7*v = 4*v + 4*c + 6. Calculate the remainder when 46 is divided by 99/6 - (-1)/v.
14
Let g(x) = -x**2 - 11*x. Let i be g(-10). Let z(b) = b**3 - 10*b**2 + 2*b - 4. What is the remainder when 44 is divided by z(i)?
12
Suppose 84 - 372 = -8*z. What is the remainder when 249 is divided by z?
33
Let d(j) = 5*j**3 - j**2 - 3*j + 3. Let s be d(3). Suppose -5*z = -0*z - s. Let r = z + -12. What is the remainder when 46 is divided by r?
10
Suppose -8*w + 6*w + 8 = 0. What is the remainder when 15 is divided by w?
3
Suppose -158 + 30 = -4*x. What is the remainder when x is divided by 18?
14
Let x be 2/(-5) - (-88)/20. Suppose -x*s - 21 + 61 = 0. Let p = 49 - 20. Calculate the remainder when p is divided by s.
9
Let v be (1 - 2)/((-1)/2). Let a = 30 - 23. Let w = a - v. Calculate the remainder when 8 is divided by w.
3
Suppose -3*o - o - 4 = 0, 2*z = -5*o - 17. Calculate the remainder when (-18)/z*(-8)/(-3) is divided by 5.
3
Let n(k) = -k**3 + 4*k**2 + 4*k - 10. Let f be (-1 + (-5)/4)*-4. Suppose z + 2*i = 7*i + 19, f = -3*i. Calculate the remainder when n(4) is divided by z.
2
Suppose 6 = 2*b, -t + 2*b = b - 44. What is the remainder when t is divided by 17?
13
Let x = 3 + -4. Let o(t) = 6*t**2 - t. Calculate the remainder when o(x) is divided by 3.
1
Let u be 2/6 + 352/6. Suppose u = -f + 4*f - 2*o, -5*o = -4*f + 88. Calculate the remainder when f is divided by (16 - 7) + 1 + -4.
5
Let l(u) = -u + 3. Let m be l(5). Suppose -v = -2*k - 25, 0 = -3*v + 2*k + 24 + 31. What is the remainder when 42 - (2 - m)/(-2) is divided by v?
14
Let g = 83 + -75. Calculate the remainder when 14 is divided by g.
6
Let k = -24 + 31. What is the remainder when k is divided by 5?
2
Let x(y) = -y + 10. Let o = -13 - -42. What is the remainder when o is divided by x(0)?
9
Let q(m) = -3*m - 5. Let x(j) = j. Let y(d) = q(d) + 2*x(d). What is the remainder when 19 is divided by y